{"id":249,"date":"2024-05-02T20:43:35","date_gmt":"2024-05-02T20:43:35","guid":{"rendered":"https:\/\/staging.campotencia.casticino.ch\/?page_id=249"},"modified":"2024-06-28T11:36:26","modified_gmt":"2024-06-28T11:36:26","slug":"tours-proposes","status":"publish","type":"page","link":"https:\/\/campotencia.casticino.ch\/?page_id=249&lang=fr","title":{"rendered":"RANDONN\u00c9ES FACILES"},"content":{"rendered":"\n<h3 class=\"wp-block-heading\">Randonn\u00e9es faciles<\/h3>\n\n\n\n<div style=\"height:20px\" aria-hidden=\"true\" class=\"wp-block-spacer\"><\/div>\n\n\n\n<p>Des randonn\u00e9es int\u00e9ressantes sont possibles dans la r\u00e9gion du Leit &#8211; Tencia, ils font partie d&#8217;une zone naturelle de grande valeur, la Bandita federale di caccia del campo Tencia (terrain de chasse f\u00e9d\u00e9ral), le sentier g\u00e9o-touristique de Campolungo, les alpages et les nombreux petits lacs pour se baigner ou pique-niquer permettent de profiter pleinement de la r\u00e9gion.<\/p>\n\n\n\n<div class=\"wp-block-stackable-feature-grid alignwide stk-block-feature-grid stk-block-columns stk-block stk-057f89e is-style-default\" data-block-id=\"057f89e\"><div class=\"stk-row stk-inner-blocks has-text-align-center stk-block-content stk-content-align stk-057f89e-column alignwide\">\n<div class=\"wp-block-stackable-column stk-block-column stk-column stk-block stk-9ebb9e2\" data-v=\"4\" data-block-id=\"9ebb9e2\"><div class=\"stk-column-wrapper stk-block-column__content stk-container stk-9ebb9e2-container stk-hover-parent\"><div class=\"stk-block-content stk-inner-blocks stk-9ebb9e2-inner-blocks\">\n<div class=\"wp-block-stackable-image stk-block-image stk-block stk-9981e54\" data-block-id=\"9981e54\"><style>.stk-9981e54 .stk-img-wrapper{width:100% !important;height:315px !important}<\/style><figure><span class=\"stk-img-wrapper stk-image--shape-stretch\"><img loading=\"lazy\" decoding=\"async\" class=\"stk-img wp-image-788\" src=\"https:\/\/staging.campotencia.casticino.ch\/wp-content\/uploads\/2024\/06\/Morghirolo-2.jpg\" width=\"1872\" height=\"1053\" srcset=\"https:\/\/campotencia.casticino.ch\/wp-content\/uploads\/2024\/06\/Morghirolo-2.jpg 1872w, https:\/\/campotencia.casticino.ch\/wp-content\/uploads\/2024\/06\/Morghirolo-2-300x169.jpg 300w, https:\/\/campotencia.casticino.ch\/wp-content\/uploads\/2024\/06\/Morghirolo-2-1024x576.jpg 1024w, https:\/\/campotencia.casticino.ch\/wp-content\/uploads\/2024\/06\/Morghirolo-2-768x432.jpg 768w, https:\/\/campotencia.casticino.ch\/wp-content\/uploads\/2024\/06\/Morghirolo-2-1536x864.jpg 1536w\" sizes=\"auto, (max-width: 1872px) 100vw, 1872px\" \/><\/span><\/figure><\/div>\n\n\n\n<div class=\"wp-block-stackable-heading stk-block-heading stk-block-heading--v2 stk-block stk-1ac05df\" id=\"lac-morghirolo\" data-block-id=\"1ac05df\"><h3 class=\"stk-block-heading__text\">Lac Morghirolo <\/h3><\/div>\n\n\n\n<div class=\"wp-block-stackable-text stk-block-text stk-block stk-de6ed8d\" data-block-id=\"de6ed8d\"><p class=\"stk-block-text__text has-text-align-left\">Apr\u00e8s une pause au refuge, pourquoi ne pas rejoindre le magnifique \u00e9tang pour une baignade rafra\u00eechissante ?<\/p><\/div>\n\n\n\n<div class=\"wp-block-stackable-text stk-block-text stk-block stk-f4373e4\" data-block-id=\"f4373e4\"><p class=\"stk-block-text__text\"><\/p><\/div>\n\n\n\n<div class=\"wp-block-stackable-text stk-block-text stk-block stk-0d49abc\" data-block-id=\"0d49abc\"><p class=\"stk-block-text__text has-text-align-left\"><strong><strong><strong>Distance<\/strong><\/strong><\/strong>: 1,4 km<br><strong><strong>D\u00e9nivel\u00e9<\/strong><\/strong>:  +250 m\u00e8tres<br><strong><strong><strong>Dur\u00e9e<\/strong><\/strong><\/strong>: ca. 1 heure a\/r<br><strong><strong>Niveau<\/strong><\/strong>: T2<br><\/p><\/div>\n\n\n\n<div class=\"wp-block-stackable-text stk-block-text stk-block stk-4e5bba5\" data-block-id=\"4e5bba5\"><p class=\"stk-block-text__text\"><\/p><\/div>\n\n\n\n<div class=\"wp-block-stackable-text stk-block-text stk-block stk-e55d436\" data-block-id=\"e55d436\"><p class=\"stk-block-text__text\"><\/p><\/div>\n\n\n\n<div class=\"wp-block-stackable-text stk-block-text stk-block stk-eb70bb1\" data-block-id=\"eb70bb1\"><p class=\"stk-block-text__text\"><\/p><\/div>\n\n\n\n<div class=\"wp-block-stackable-text stk-block-text stk-block stk-fd032c6\" data-block-id=\"fd032c6\"><p class=\"stk-block-text__text\"><\/p><\/div>\n\n\n\n<div class=\"wp-block-stackable-text stk-block-text stk-block stk-6323304\" data-block-id=\"6323304\"><p class=\"stk-block-text__text\"><\/p><\/div>\n\n\n\n<div class=\"wp-block-stackable-button-group stk-block-button-group stk-block stk-f0627ca\" data-block-id=\"f0627ca\"><div class=\"stk-row stk-inner-blocks stk-block-content stk-button-group\">\n<div class=\"wp-block-stackable-button stk-block-button stk-block stk-df71419\" data-block-id=\"df71419\"><style>.stk-df71419 .stk-button{background:#477081 !important}<\/style><a class=\"stk-link stk-button stk--hover-effect-darken\" href=\"https:\/\/staging.campotencia.casticino.ch\/wp-content\/uploads\/2024\/06\/D.-Pizzo-Forno-2907-m.pdf\" target=\"_blank\" rel=\"noreferrer noopener\"><span class=\"stk-button__inner-text\">EN SAVOIR PLUS<\/span><\/a><\/div>\n<\/div><\/div>\n<\/div><\/div><\/div>\n\n\n\n<div class=\"wp-block-stackable-column stk-block-column stk-column stk-block stk-aa1c3d8\" data-v=\"4\" data-block-id=\"aa1c3d8\"><div class=\"stk-column-wrapper stk-block-column__content stk-container stk-aa1c3d8-container stk-hover-parent\"><div class=\"stk-block-content stk-inner-blocks stk-aa1c3d8-inner-blocks\">\n<div class=\"wp-block-stackable-image stk-block-image stk-block stk-60da5d9\" data-block-id=\"60da5d9\"><style>.stk-60da5d9{margin-bottom:27px !important}.stk-60da5d9 .stk-img-wrapper{width:100% !important;height:316px !important}<\/style><figure><span class=\"stk-img-wrapper stk-image--shape-stretch\"><img loading=\"lazy\" decoding=\"async\" class=\"stk-img wp-image-461\" src=\"https:\/\/staging.campotencia.casticino.ch\/wp-content\/uploads\/2024\/06\/Cap-tencia.jpg\" width=\"1872\" height=\"1053\" srcset=\"https:\/\/campotencia.casticino.ch\/wp-content\/uploads\/2024\/06\/Cap-tencia.jpg 1872w, https:\/\/campotencia.casticino.ch\/wp-content\/uploads\/2024\/06\/Cap-tencia-300x169.jpg 300w, https:\/\/campotencia.casticino.ch\/wp-content\/uploads\/2024\/06\/Cap-tencia-1024x576.jpg 1024w, https:\/\/campotencia.casticino.ch\/wp-content\/uploads\/2024\/06\/Cap-tencia-768x432.jpg 768w, https:\/\/campotencia.casticino.ch\/wp-content\/uploads\/2024\/06\/Cap-tencia-1536x864.jpg 1536w\" sizes=\"auto, (max-width: 1872px) 100vw, 1872px\" \/><\/span><\/figure><\/div>\n\n\n\n<div class=\"wp-block-stackable-heading stk-block-heading stk-block-heading--v2 stk-block stk-161fb89\" id=\"sentier-didactique\" data-block-id=\"161fb89\"><h3 class=\"stk-block-heading__text\">Sentier didactique<\/h3><\/div>\n\n\n\n<div class=\"wp-block-stackable-text stk-block-text stk-block stk-8b076a1\" data-block-id=\"8b076a1\"><p class=\"stk-block-text__text has-text-align-left\">Circuit en boucle avec d\u00e9part et retour \u00e0 Piumogna via le refuge Campo Tencia et l&#8217;alpage de Morghirolo. Panneaux didactiques sur la nature le long du parcours.<\/p><\/div>\n\n\n\n<div class=\"wp-block-stackable-text stk-block-text stk-block stk-6995a87\" data-block-id=\"6995a87\"><p class=\"stk-block-text__text has-text-align-left\"><strong><strong><strong>Distance<\/strong><\/strong><\/strong>: 12 km<br><strong><strong>D\u00e9nivel\u00e9<\/strong><\/strong>: +1&#8217;300 m\u00e8tres<br><strong><strong><strong>Dur\u00e9e<\/strong><\/strong><\/strong>: ca. 4-5 heures <br><strong><strong>Niveau<\/strong><\/strong>: T3<br><strong><a href=\"https:\/\/s.geo.admin.ch\/151dbckh2v17\">Mappa online mapgeo<\/a><\/strong><br>Possibilit\u00e9 de rejoindre le lac Morghirolo en calculant environ 1 heure suppl\u00e9mentaire de trajet aller-retour. Possibilit\u00e9 de rejoindre le refuge pour le d\u00e9jeuner et de terminer l&#8217;excursion vers l&#8217;Alpe Morghirolo dans l&#8217;apr\u00e8s-midi.<br><\/p><\/div>\n\n\n\n<div class=\"wp-block-stackable-button-group stk-block-button-group stk-block stk-3a5b01d\" data-block-id=\"3a5b01d\"><div class=\"stk-row stk-inner-blocks stk-block-content stk-button-group\">\n<div class=\"wp-block-stackable-button stk-block-button stk-block stk-c41db0e\" data-block-id=\"c41db0e\"><style>.stk-c41db0e .stk-button{background:#477081 !important}<\/style><a class=\"stk-link stk-button stk--hover-effect-darken\" href=\"https:\/\/staging.campotencia.casticino.ch\/wp-content\/uploads\/2024\/06\/E.-Lago-Morghirolo-e-Sentiero-Didattico.pdf\" target=\"_blank\" rel=\"noreferrer noopener\"><span class=\"stk-button__inner-text\">EN SAVOIR PLUS<\/span><\/a><\/div>\n<\/div><\/div>\n<\/div><\/div><\/div>\n\n\n\n<div class=\"wp-block-stackable-column stk-block-column stk-column stk-block stk-2fcb718\" data-v=\"4\" data-block-id=\"2fcb718\"><div class=\"stk-column-wrapper stk-block-column__content stk-container stk-2fcb718-container stk-hover-parent\"><div class=\"stk-block-content stk-inner-blocks stk-2fcb718-inner-blocks\">\n<div class=\"wp-block-stackable-image stk-block-image stk-block stk-beca429\" data-block-id=\"beca429\"><style>.stk-beca429{margin-bottom:17px !important}.stk-beca429 .stk-img-wrapper{width:100% !important;height:317px !important}<\/style><figure><span class=\"stk-img-wrapper stk-image--shape-stretch\"><img loading=\"lazy\" decoding=\"async\" class=\"stk-img wp-image-936\" src=\"https:\/\/staging.campotencia.casticino.ch\/wp-content\/uploads\/2024\/06\/Pass-Vanitt.jpg\" width=\"1504\" height=\"2016\" srcset=\"https:\/\/campotencia.casticino.ch\/wp-content\/uploads\/2024\/06\/Pass-Vanitt.jpg 1504w, https:\/\/campotencia.casticino.ch\/wp-content\/uploads\/2024\/06\/Pass-Vanitt-224x300.jpg 224w, https:\/\/campotencia.casticino.ch\/wp-content\/uploads\/2024\/06\/Pass-Vanitt-764x1024.jpg 764w, https:\/\/campotencia.casticino.ch\/wp-content\/uploads\/2024\/06\/Pass-Vanitt-768x1029.jpg 768w, https:\/\/campotencia.casticino.ch\/wp-content\/uploads\/2024\/06\/Pass-Vanitt-1146x1536.jpg 1146w\" sizes=\"auto, (max-width: 1504px) 100vw, 1504px\" \/><\/span><\/figure><\/div>\n\n\n\n<div class=\"wp-block-stackable-heading stk-block-heading stk-block-heading--v2 stk-block stk-fff4418\" id=\"giro-leit-piumogna\" data-block-id=\"fff4418\"><h3 class=\"stk-block-heading__text\">Giro Leit &#8211; Piumogna<\/h3><\/div>\n\n\n\n<div class=\"wp-block-stackable-text stk-block-text stk-block stk-51dea14\" data-block-id=\"51dea14\"><p class=\"stk-block-text__text has-text-align-left\">Une grande boucle reliant deux refuges et deux petits lacs en passant par deux cols dans un environnement naturel de grande valeur.<br><br><strong><strong><strong>Distance<\/strong><\/strong>:<\/strong> 18 km<br><strong><strong>D\u00e9nivel\u00e9<\/strong>:<\/strong> +1350 | -1350 m<br><strong><strong><strong>Dur\u00e9e<\/strong><\/strong>:<\/strong> ca. 8 heures <br><strong><strong>Niveau<\/strong>:<\/strong> T3<br><strong><a href=\"https:\/\/s.geo.admin.ch\/rzubpn495uo8\">Mappa online mapgeo<\/a><\/strong><br><strong>Attention:<\/strong> Au d\u00e9but de l&#8217;\u00e9t\u00e9, des champs de neige abrupts et dangereux sont souvent pr\u00e9sents dans la partie sup\u00e9rieure \u00e0 l&#8217;est du Pizzo Lei di Cima.<\/p><\/div>\n\n\n\n<div class=\"wp-block-stackable-text stk-block-text stk-block stk-45f8e08\" data-block-id=\"45f8e08\"><p class=\"stk-block-text__text\"><\/p><\/div>\n\n\n\n<div class=\"wp-block-stackable-text stk-block-text stk-block stk-21d30b7\" data-block-id=\"21d30b7\"><p class=\"stk-block-text__text has-text-align-left\"><br><\/p><\/div>\n\n\n\n<div class=\"wp-block-stackable-button-group stk-block-button-group stk-block stk-5e87de9\" data-block-id=\"5e87de9\"><div class=\"stk-row stk-inner-blocks stk-block-content stk-button-group\">\n<div class=\"wp-block-stackable-button stk-block-button stk-block stk-fe1cd1c\" data-block-id=\"fe1cd1c\"><style>.stk-fe1cd1c .stk-button{background:#477081 !important}<\/style><a class=\"stk-link stk-button stk--hover-effect-darken\" href=\"https:\/\/staging.campotencia.casticino.ch\/wp-content\/uploads\/2024\/06\/C.-Pizzo-Campolungo-2714-m.pdf\" target=\"_blank\" rel=\"noreferrer noopener\"><span class=\"stk-button__inner-text\">EN SAVOIR PLUS<\/span><\/a><\/div>\n<\/div><\/div>\n<\/div><\/div><\/div>\n<\/div><\/div>\n","protected":false},"excerpt":{"rendered":"<p>Randonn\u00e9es faciles Des randonn\u00e9es int\u00e9ressantes sont possibles dans la r\u00e9gion du Leit &#8211; Tencia, ils font partie d&#8217;une zone naturelle de grande valeur, la Bandita federale di caccia del campo Tencia (terrain de chasse f\u00e9d\u00e9ral), le sentier g\u00e9o-touristique de Campolungo, les alpages et les nombreux petits lacs pour se baigner ou pique-niquer permettent de profiter [&hellip;]<\/p>\n","protected":false},"author":2,"featured_media":0,"parent":0,"menu_order":0,"comment_status":"closed","ping_status":"closed","template":"","meta":{"pgc_sgb_lightbox_settings":"","footnotes":""},"class_list":["post-249","page","type-page","status-publish","hentry"],"aioseo_notices":[],"_links":{"self":[{"href":"https:\/\/campotencia.casticino.ch\/index.php?rest_route=\/wp\/v2\/pages\/249","targetHints":{"allow":["GET"]}}],"collection":[{"href":"https:\/\/campotencia.casticino.ch\/index.php?rest_route=\/wp\/v2\/pages"}],"about":[{"href":"https:\/\/campotencia.casticino.ch\/index.php?rest_route=\/wp\/v2\/types\/page"}],"author":[{"embeddable":true,"href":"https:\/\/campotencia.casticino.ch\/index.php?rest_route=\/wp\/v2\/users\/2"}],"replies":[{"embeddable":true,"href":"https:\/\/campotencia.casticino.ch\/index.php?rest_route=%2Fwp%2Fv2%2Fcomments&post=249"}],"version-history":[{"count":17,"href":"https:\/\/campotencia.casticino.ch\/index.php?rest_route=\/wp\/v2\/pages\/249\/revisions"}],"predecessor-version":[{"id":1246,"href":"https:\/\/campotencia.casticino.ch\/index.php?rest_route=\/wp\/v2\/pages\/249\/revisions\/1246"}],"wp:attachment":[{"href":"https:\/\/campotencia.casticino.ch\/index.php?rest_route=%2Fwp%2Fv2%2Fmedia&parent=249"}],"curies":[{"name":"wp","href":"https:\/\/api.w.org\/{rel}","templated":true}]}}