{"id":232,"date":"2024-05-01T20:21:40","date_gmt":"2024-05-01T20:21:40","guid":{"rendered":"https:\/\/staging.campotencia.casticino.ch\/?page_id=232"},"modified":"2024-06-27T07:13:42","modified_gmt":"2024-06-27T07:13:42","slug":"notre-cuisine","status":"publish","type":"page","link":"https:\/\/campotencia.casticino.ch\/?page_id=232&lang=fr","title":{"rendered":"NOTRE CUISINE"},"content":{"rendered":"\n<h3 class=\"wp-block-heading\">&#8220;NOTRE CUISINE&#8221;<\/h3>\n\n\n\n<div style=\"height:50px\" aria-hidden=\"true\" class=\"wp-block-spacer\"><\/div>\n\n\n\n<p>La cabane Campo Tencia est r\u00e9put\u00e9e loin \u00e0 la ronde pour son excellente cuisine. Les plats froids et chauds, typiquement tessinois, sont servis dans une ambiance chaleureuse.<\/p>\n\n\n\n<div style=\"height:30px\" aria-hidden=\"true\" class=\"wp-block-spacer\"><\/div>\n\n\n\n<h3 class=\"wp-block-heading\"><strong><strong>SPECIALIT\u00c9S<\/strong><\/strong><\/h3>\n\n\n\n<div style=\"height:25px\" aria-hidden=\"true\" class=\"wp-block-spacer\"><\/div>\n\n\n\n<p>En plus de la charcuterie et des fromages du \u00ab&nbsp;Val Piumogna&nbsp;\u00bb, vous pouvez d\u00e9guster les Gnocchi, le risotto aux herbes, 3 sortes de p\u00e2tes avec 3 diff\u00e9rentes sauces, la \u00ab&nbsp;polenta negra&nbsp;\u00bb avec rago\u00fbt de b\u0153uf au champignons ou encore le b\u0153uf brais\u00e9 au Merlot, sans oublier la minestrone, le buffet de g\u00e2teaux maison, le caf\u00e9 \u00ab&nbsp;Campo Tencia&nbsp;\u00bb ou un bon espresso CHICCO D\u2019ORO.<\/p>\n\n\n\n<p>Les v\u00e9g\u00e9tariennes et les v\u00e9g\u00e9tariens sont les bienvenus.<br>Sur demande, pour les groupes, nous proposons diff\u00e9rents menus.<\/p>\n\n\n\n<p><strong>Nous pr\u00eatons aussi attention aux personnes ayant des probl\u00e8mes d\u2019allergie alimentaire.<\/strong><\/p>\n\n\n\n<p><strong><strong>BON APPETIT<\/strong><\/strong><\/p>\n\n\n\n<div style=\"height:30px\" aria-hidden=\"true\" class=\"wp-block-spacer\"><\/div>\n\n\n\n<h3 class=\"wp-block-heading\"><strong>RESERVATION<\/strong><\/h3>\n\n\n\n<div style=\"height:25px\" aria-hidden=\"true\" class=\"wp-block-spacer\"><\/div>\n\n\n\n<p>Nous vous conseillons vivement de faire votre r\u00e9servation par courrier ou en nous appelant directement \u00e0 la cabane.<\/p>\n\n\n\n<p>MERCI<\/p>\n\n\n\n<p>CAMPO TENCIA STAFF<\/p>\n","protected":false},"excerpt":{"rendered":"<p>&#8220;NOTRE CUISINE&#8221; La cabane Campo Tencia est r\u00e9put\u00e9e loin \u00e0 la ronde pour son excellente cuisine. Les plats froids et chauds, typiquement tessinois, sont servis dans une ambiance chaleureuse. SPECIALIT\u00c9S En plus de la charcuterie et des fromages du \u00ab&nbsp;Val Piumogna&nbsp;\u00bb, vous pouvez d\u00e9guster les Gnocchi, le risotto aux herbes, 3 sortes de p\u00e2tes avec [&hellip;]<\/p>\n","protected":false},"author":2,"featured_media":0,"parent":0,"menu_order":0,"comment_status":"closed","ping_status":"closed","template":"","meta":{"pgc_sgb_lightbox_settings":"","footnotes":""},"class_list":["post-232","page","type-page","status-publish","hentry"],"aioseo_notices":[],"_links":{"self":[{"href":"https:\/\/campotencia.casticino.ch\/index.php?rest_route=\/wp\/v2\/pages\/232","targetHints":{"allow":["GET"]}}],"collection":[{"href":"https:\/\/campotencia.casticino.ch\/index.php?rest_route=\/wp\/v2\/pages"}],"about":[{"href":"https:\/\/campotencia.casticino.ch\/index.php?rest_route=\/wp\/v2\/types\/page"}],"author":[{"embeddable":true,"href":"https:\/\/campotencia.casticino.ch\/index.php?rest_route=\/wp\/v2\/users\/2"}],"replies":[{"embeddable":true,"href":"https:\/\/campotencia.casticino.ch\/index.php?rest_route=%2Fwp%2Fv2%2Fcomments&post=232"}],"version-history":[{"count":5,"href":"https:\/\/campotencia.casticino.ch\/index.php?rest_route=\/wp\/v2\/pages\/232\/revisions"}],"predecessor-version":[{"id":344,"href":"https:\/\/campotencia.casticino.ch\/index.php?rest_route=\/wp\/v2\/pages\/232\/revisions\/344"}],"wp:attachment":[{"href":"https:\/\/campotencia.casticino.ch\/index.php?rest_route=%2Fwp%2Fv2%2Fmedia&parent=232"}],"curies":[{"name":"wp","href":"https:\/\/api.w.org\/{rel}","templated":true}]}}